{"id":52,"date":"2025-08-29T03:13:13","date_gmt":"2025-08-29T03:13:13","guid":{"rendered":"https:\/\/jmmarquitectura.com\/?page_id=52"},"modified":"2025-09-03T01:25:21","modified_gmt":"2025-09-03T01:25:21","slug":"nosotros","status":"publish","type":"page","link":"https:\/\/jmmarquitectura.com\/index.php\/nosotros\/","title":{"rendered":"Nosotros"},"content":{"rendered":"\n<div class=\"wp-block-cover is-light\"><span aria-hidden=\"true\" class=\"wp-block-cover__background has-background-dim-100 has-background-dim\" style=\"background-color:#f8f8f8\"><\/span><div class=\"wp-block-cover__inner-container is-layout-flow wp-block-cover-is-layout-flow\">\n<div class=\"wp-block-group is-layout-constrained wp-container-core-group-is-layout-737d25ee wp-block-group-is-layout-constrained\" style=\"padding-top:90px;padding-bottom:90px\">\n<div class=\"wp-block-columns is-layout-flex wp-container-core-columns-is-layout-28f84493 wp-block-columns-is-layout-flex\">\n<div class=\"wp-block-column is-vertically-aligned-center is-layout-flow wp-block-column-is-layout-flow\">\n<h2 class=\"wp-block-heading intrace-animate intrace-move-right intrace-delay- has-text-color has-heading-5-font-size\" style=\"color:#ad9271;letter-spacing:1px;text-transform:uppercase\">empresa<\/h2>\n\n\n\n<h2 class=\"wp-block-heading intrace-animate intrace-move-right intrace-delay-3 has-text-color has-heading-2-font-size\" style=\"color:#181818;text-transform:uppercase\">Qui\u00e9nes somos<\/h2>\n\n\n\n<div class=\"wp-block-columns is-layout-flex wp-container-core-columns-is-layout-d77a8e73 wp-block-columns-is-layout-flex\" style=\"padding-right:30px\">\n<div class=\"wp-block-column is-layout-flow wp-block-column-is-layout-flow\" style=\"flex-basis:100%\">\n<p class=\"intrace-animate intrace-move-right intrace-delay-5 has-text-color\" style=\"color:#666666;font-style:normal;font-weight:400\">En <strong>JMM <\/strong> somos un equipo multidisciplinario de <strong>arquitectos, ingenieros, dise\u00f1adores, administradores, abogados y mercad\u00f3logos<\/strong> especializados en el desarrollo integral de proyectos. <\/p>\n\n\n\n<p class=\"intrace-animate intrace-move-right intrace-delay-5 has-text-color\" style=\"color:#666666;font-style:normal;font-weight:400\">Desde 2015 hemos trabajado en el dise\u00f1o, planeaci\u00f3n y construcci\u00f3n de espacios <strong>residenciales, comerciales, deportivos, de salud e inmobiliarios<\/strong>, respaldados por la experiencia profesional de nuestro equipo desde 1985.<\/p>\n\n\n\n<p class=\"intrace-animate intrace-move-right intrace-delay-5 has-text-color\" style=\"color:#666666;font-style:normal;font-weight:400\"><strong>Nuestro enfoque<\/strong> combina la visi\u00f3n creativa del dise\u00f1o con la solidez t\u00e9cnica y administrativa, para ofrecer soluciones arquitect\u00f3nicas y de negocio adaptadas a cada cliente.<\/p>\n<\/div>\n<\/div>\n\n\n\n<div class=\"wp-block-buttons intrace-animate intrace-move-right intrace-delay-7 is-content-justification-left is-layout-flex wp-container-core-buttons-is-layout-c6814511 wp-block-buttons-is-layout-flex\" style=\"margin-bottom:20px\">\n<div class=\"wp-block-button is-style-custombuttonborder2 intrace-animate intrace-move-right intrace-delay-5\"><a class=\"wp-block-button__link wp-element-button\" href=\"#\" style=\"padding-top:12px;padding-bottom:12px\">Cont\u00e1ctanos<\/a><\/div>\n<\/div>\n<\/div>\n\n\n\n<div class=\"wp-block-column is-vertically-aligned-center is-style-customboxshadow intrace-animate intrace-move-up intrace-delay-3 has-white-background-color has-background is-layout-flow wp-block-column-is-layout-flow\" style=\"padding-top:40px;padding-bottom:40px\">\n<div class=\"wp-block-group is-layout-flow wp-block-group-is-layout-flow\">\n<div class=\"wp-block-columns is-layout-flex wp-container-core-columns-is-layout-28f84493 wp-block-columns-is-layout-flex\">\n<div class=\"wp-block-column is-layout-flow wp-block-column-is-layout-flow\" style=\"padding-right:30px;padding-left:30px\">\n<div class=\"wp-block-group is-layout-flow wp-block-group-is-layout-flow\" style=\"padding-bottom:30px\">\n<figure class=\"wp-block-image size-full is-resized\"><img loading=\"lazy\" decoding=\"async\" width=\"483\" height=\"245\" src=\"https:\/\/jmmarquitectura.com\/wp-content\/uploads\/2025\/08\/jmmarquitectura-1.jpg\" alt=\"\" class=\"wp-image-35\" style=\"width:498px;height:auto\" srcset=\"https:\/\/jmmarquitectura.com\/wp-content\/uploads\/2025\/08\/jmmarquitectura-1.jpg 483w, https:\/\/jmmarquitectura.com\/wp-content\/uploads\/2025\/08\/jmmarquitectura-1-300x152.jpg 300w\" sizes=\"auto, (max-width: 483px) 100vw, 483px\" \/><\/figure>\n<\/div>\n<\/div>\n<\/div>\n<\/div>\n<\/div>\n<\/div>\n\n\n\n<div class=\"wp-block-media-text is-stacked-on-mobile\"><figure class=\"wp-block-media-text__media\"><img loading=\"lazy\" decoding=\"async\" width=\"502\" height=\"405\" src=\"https:\/\/jmmarquitectura.com\/wp-content\/uploads\/2025\/08\/servicio3.jpg\" alt=\"\" class=\"wp-image-58 size-full\" srcset=\"https:\/\/jmmarquitectura.com\/wp-content\/uploads\/2025\/08\/servicio3.jpg 502w, https:\/\/jmmarquitectura.com\/wp-content\/uploads\/2025\/08\/servicio3-300x242.jpg 300w\" sizes=\"auto, (max-width: 502px) 100vw, 502px\" \/><\/figure><div class=\"wp-block-media-text__content\">\n<h2 class=\"wp-block-heading\">QU\u00c9 HACEMOS<\/h2>\n\n\n\n<div class=\"wp-block-columns is-layout-flex wp-container-core-columns-is-layout-d77a8e73 wp-block-columns-is-layout-flex\" style=\"padding-right:30px\">\n<div class=\"wp-block-column is-layout-flow wp-block-column-is-layout-flow\" style=\"flex-basis:100%\">\n<ul class=\"wp-block-list\">\n<li class=\"has-intrace-body-text-color has-text-color has-link-color wp-elements-6c399c33f103faeed781fb1933c20416\">Dise\u00f1o y desarrollo de proyectos arquitect\u00f3nicos (horizontales y verticales).<\/li>\n\n\n\n<li class=\"has-intrace-body-text-color has-text-color has-link-color wp-elements-27b2d149722bfe9ff2acb1377e3f35bd\">Proyectos ejecutivos de ingenier\u00eda.<\/li>\n\n\n\n<li class=\"has-intrace-body-text-color has-text-color has-link-color wp-elements-734cb7095b79fa398725cb3e61b0d70b\">Planeaci\u00f3n y gesti\u00f3n administrativa.<\/li>\n\n\n\n<li class=\"has-intrace-body-text-color has-text-color has-link-color wp-elements-d6cf4cd3cc2709f307778a7f29f88743\">Modelos de negocio enfocados en el sector inmobiliario, administrativo y comercial.<\/li>\n<\/ul>\n<\/div>\n<\/div>\n\n\n\n<p class=\"has-intrace-body-text-color has-text-color has-link-color wp-elements-1a4ee4f251576374e0e28ac583d58916\" style=\"font-style:normal;font-weight:400\">En JMM, convertimos las ideas en <strong>espacios funcionales, innovadores y rentables<\/strong>, alineados con los objetivos de nuestros clientes.<\/p>\n<\/div><\/div>\n\n\n\n<div class=\"wp-block-group is-layout-constrained wp-container-core-group-is-layout-4b15436e wp-block-group-is-layout-constrained\">\n<div class=\"wp-block-columns intrace-margin-top-n100 intrace-z-index-10 is-layout-flex wp-container-core-columns-is-layout-712a31f5 wp-block-columns-is-layout-flex\" style=\"margin-top:0;margin-bottom:0;padding-top:9rem;padding-bottom:80px\">\n<div class=\"wp-block-column intrace-animate intrace-move-up intrace-delay-1 is-layout-flow wp-block-column-is-layout-flow\" style=\"padding-top:100px\">\n<div class=\"wp-block-group is-style-customboxshadow intrace-margin-top-n50 intrace-z-index-10 has-white-background-color has-background is-layout-flow wp-block-group-is-layout-flow\" style=\"padding-top:30px;padding-right:40px;padding-bottom:50px;padding-left:40px\">\n<figure class=\"wp-block-image aligncenter size-full is-resized is-style-default intrace-margin-top-n80\"><img loading=\"lazy\" decoding=\"async\" width=\"500\" height=\"500\" src=\"https:\/\/jmmarquitectura.com\/wp-content\/uploads\/2025\/09\/mision_icon.png\" alt=\"\" class=\"wp-image-69\" style=\"width:130px\" srcset=\"https:\/\/jmmarquitectura.com\/wp-content\/uploads\/2025\/09\/mision_icon.png 500w, https:\/\/jmmarquitectura.com\/wp-content\/uploads\/2025\/09\/mision_icon-300x300.png 300w, https:\/\/jmmarquitectura.com\/wp-content\/uploads\/2025\/09\/mision_icon-150x150.png 150w\" sizes=\"auto, (max-width: 500px) 100vw, 500px\" \/><\/figure>\n\n\n\n<h2 class=\"wp-block-heading has-text-align-center has-intrace-accent-color has-text-color has-heading-3-font-size\" style=\"font-style:normal;font-weight:600;letter-spacing:1px;text-transform:capitalize\">MISI\u00d3N<\/h2>\n\n\n\n<p class=\"has-text-align-center has-intrace-body-text-color has-text-color\" style=\"font-style:normal;font-weight:400\">Desarrollar <strong>modelos de negocio y proyectos integrales<\/strong> que cumplan con los m\u00e1s altos est\u00e1ndares <strong>econ\u00f3micos, financieros, est\u00e9ticos y funcionales<\/strong>, promoviendo la integraci\u00f3n social y el respeto al medio ambiente. Dirigimos, asesoramos, administramos y ejecutamos cada proyecto con calidad y el compromiso de lograr la <strong>satisfacci\u00f3n total de nuestros clientes<\/strong>.<\/p>\n<\/div>\n<\/div>\n\n\n\n<div class=\"wp-block-column intrace-animate intrace-move-up intrace-delay-3 is-layout-flow wp-block-column-is-layout-flow\" style=\"padding-top:100px\">\n<div class=\"wp-block-group is-style-customboxshadow intrace-margin-top-n50 intrace-z-index-10 has-white-background-color has-background is-layout-flow wp-block-group-is-layout-flow\" style=\"padding-top:30px;padding-right:40px;padding-bottom:50px;padding-left:40px\">\n<figure class=\"wp-block-image aligncenter size-full is-resized is-style-default intrace-margin-top-n80\"><img loading=\"lazy\" decoding=\"async\" width=\"500\" height=\"500\" src=\"https:\/\/jmmarquitectura.com\/wp-content\/uploads\/2025\/09\/vision_icon.png\" alt=\"\" class=\"wp-image-70\" style=\"width:130px\" srcset=\"https:\/\/jmmarquitectura.com\/wp-content\/uploads\/2025\/09\/vision_icon.png 500w, https:\/\/jmmarquitectura.com\/wp-content\/uploads\/2025\/09\/vision_icon-300x300.png 300w, https:\/\/jmmarquitectura.com\/wp-content\/uploads\/2025\/09\/vision_icon-150x150.png 150w\" sizes=\"auto, (max-width: 500px) 100vw, 500px\" \/><\/figure>\n\n\n\n<h2 class=\"wp-block-heading has-text-align-center has-intrace-accent-color has-text-color has-heading-3-font-size\" style=\"font-style:normal;font-weight:600;letter-spacing:1px;text-transform:capitalize\">VISI\u00d3N<\/h2>\n\n\n\n<p class=\"has-text-align-center has-intrace-body-text-color has-text-color\" style=\"font-style:normal;font-weight:400\">Ser una empresa <strong>consolidada y reconocida<\/strong> por la creaci\u00f3n de modelos de negocio innovadores y sostenibles, que generen valor y fortalezcan cada proyecto, integr\u00e1ndose de manera arm\u00f3nica con la sociedad y el entorno.<\/p>\n<\/div>\n<\/div>\n\n\n\n<div class=\"wp-block-column intrace-animate intrace-move-up intrace-delay-5 is-layout-flow wp-block-column-is-layout-flow\" style=\"padding-top:100px\">\n<div class=\"wp-block-group intrace-margin-top-n50 intrace-z-index-10 is-style-customboxshadow has-white-background-color has-background is-layout-flow wp-block-group-is-layout-flow\" style=\"padding-top:30px;padding-right:40px;padding-bottom:50px;padding-left:40px\">\n<figure class=\"wp-block-image aligncenter size-full is-resized is-style-default intrace-margin-top-n80\"><img loading=\"lazy\" decoding=\"async\" width=\"500\" height=\"500\" src=\"https:\/\/jmmarquitectura.com\/wp-content\/uploads\/2025\/09\/proposito_icon.png\" alt=\"\" class=\"wp-image-71\" style=\"width:130px\" srcset=\"https:\/\/jmmarquitectura.com\/wp-content\/uploads\/2025\/09\/proposito_icon.png 500w, https:\/\/jmmarquitectura.com\/wp-content\/uploads\/2025\/09\/proposito_icon-300x300.png 300w, https:\/\/jmmarquitectura.com\/wp-content\/uploads\/2025\/09\/proposito_icon-150x150.png 150w\" sizes=\"auto, (max-width: 500px) 100vw, 500px\" \/><\/figure>\n\n\n\n<h2 class=\"wp-block-heading has-text-align-center has-intrace-accent-color has-text-color has-heading-3-font-size\" style=\"font-style:normal;font-weight:600;letter-spacing:1px;text-transform:capitalize\">PROP\u00d3SITO<\/h2>\n\n\n\n<p class=\"has-text-align-center has-intrace-body-text-color has-text-color has-link-color wp-elements-a4e1a931c3c0525c13b0bd7d9fad389a\" style=\"font-style:normal;font-weight:400\">Consolidarnos como una empresa <strong>s\u00f3lida y en crecimiento continuo<\/strong>, aportando nuestro conocimiento y experiencia en cada proyecto. Nuestro objetivo es que cada modelo de negocio se integre de forma <strong>social y ecol\u00f3gica<\/strong>, generando resultados responsables y sostenibles.<\/p>\n<\/div>\n<\/div>\n<\/div>\n<\/div>\n\n\n\n<div class=\"wp-block-group is-layout-constrained wp-container-core-group-is-layout-bd8428a8 wp-block-group-is-layout-constrained\" style=\"padding-bottom:100px\">\n<div class=\"wp-block-columns is-layout-flex wp-container-core-columns-is-layout-28f84493 wp-block-columns-is-layout-flex\">\n<div class=\"wp-block-column is-layout-flow wp-block-column-is-layout-flow\">\n<h2 class=\"wp-block-heading intrace-animate intrace-move-right intrace-delay-1 has-intrace-accent-color has-text-color has-heading-3-font-size\" style=\"font-style:normal;font-weight:600;letter-spacing:1px;text-transform:uppercase\">   VALORES<\/h2>\n\n\n\n<div class=\"wp-block-columns is-layout-flex wp-container-core-columns-is-layout-2378f00b wp-block-columns-is-layout-flex\" style=\"padding-top:10px;padding-right:80px;padding-left:var(--wp--preset--spacing--50)\">\n<div class=\"wp-block-column is-layout-flow wp-block-column-is-layout-flow\" style=\"flex-basis:100%\">\n<ul class=\"wp-block-list\">\n<li>Confianza<\/li>\n\n\n\n<li>Honestidad<\/li>\n\n\n\n<li>Responsabilidad<\/li>\n\n\n\n<li>Compromiso<\/li>\n\n\n\n<li>Trabajo en Equipo<\/li>\n\n\n\n<li>Liderazgo<\/li>\n\n\n\n<li>Innovaci\u00f3n<\/li>\n<\/ul>\n\n\n\n<p>Nuestra POL\u00cdTICA DE CALIDAD es brindar a nuestros clientes un <strong>servicio integral, confiable y profesional<\/strong>, orientado a satisfacer sus expectativas mediante la eficacia de un sistema de <strong>mejora continua<\/strong>.<\/p>\n\n\n\n<p>Integramos creatividad, innovaci\u00f3n y experiencia para transformar ideas en <strong>espacios funcionales y rentables<\/strong>, adaptados a las necesidades de cada cliente.<\/p>\n<\/div>\n<\/div>\n<\/div>\n\n\n\n<div class=\"wp-block-column is-layout-flow wp-block-column-is-layout-flow\">\n<figure class=\"wp-block-image size-large is-resized intrace-animate intrace-move-left intrace-delay-7\"><img loading=\"lazy\" decoding=\"async\" width=\"1024\" height=\"576\" src=\"https:\/\/jmmarquitectura.com\/wp-content\/uploads\/2025\/08\/back_servicios-1024x576.jpeg\" alt=\"\" class=\"wp-image-45\" style=\"width:560px;height:450px\" srcset=\"https:\/\/jmmarquitectura.com\/wp-content\/uploads\/2025\/08\/back_servicios-1024x576.jpeg 1024w, https:\/\/jmmarquitectura.com\/wp-content\/uploads\/2025\/08\/back_servicios-300x169.jpeg 300w, https:\/\/jmmarquitectura.com\/wp-content\/uploads\/2025\/08\/back_servicios-768x432.jpeg 768w, https:\/\/jmmarquitectura.com\/wp-content\/uploads\/2025\/08\/back_servicios.jpeg 1280w\" sizes=\"auto, (max-width: 1024px) 100vw, 1024px\" \/><\/figure>\n<\/div>\n<\/div>\n<\/div>\n<\/div>\n<\/div><\/div>\n","protected":false},"excerpt":{"rendered":"","protected":false},"author":1,"featured_media":0,"parent":0,"menu_order":0,"comment_status":"closed","ping_status":"closed","template":"","meta":{"footnotes":""},"class_list":["post-52","page","type-page","status-publish","hentry"],"_links":{"self":[{"href":"https:\/\/jmmarquitectura.com\/index.php\/wp-json\/wp\/v2\/pages\/52","targetHints":{"allow":["GET"]}}],"collection":[{"href":"https:\/\/jmmarquitectura.com\/index.php\/wp-json\/wp\/v2\/pages"}],"about":[{"href":"https:\/\/jmmarquitectura.com\/index.php\/wp-json\/wp\/v2\/types\/page"}],"author":[{"embeddable":true,"href":"https:\/\/jmmarquitectura.com\/index.php\/wp-json\/wp\/v2\/users\/1"}],"replies":[{"embeddable":true,"href":"https:\/\/jmmarquitectura.com\/index.php\/wp-json\/wp\/v2\/comments?post=52"}],"version-history":[{"count":10,"href":"https:\/\/jmmarquitectura.com\/index.php\/wp-json\/wp\/v2\/pages\/52\/revisions"}],"predecessor-version":[{"id":74,"href":"https:\/\/jmmarquitectura.com\/index.php\/wp-json\/wp\/v2\/pages\/52\/revisions\/74"}],"wp:attachment":[{"href":"https:\/\/jmmarquitectura.com\/index.php\/wp-json\/wp\/v2\/media?parent=52"}],"curies":[{"name":"wp","href":"https:\/\/api.w.org\/{rel}","templated":true}]}}