{"id":75,"date":"2025-09-03T01:38:42","date_gmt":"2025-09-03T01:38:42","guid":{"rendered":"https:\/\/jmmarquitectura.com\/?page_id=75"},"modified":"2025-09-04T01:05:48","modified_gmt":"2025-09-04T01:05:48","slug":"servicios","status":"publish","type":"page","link":"https:\/\/jmmarquitectura.com\/index.php\/servicios\/","title":{"rendered":"Servicios"},"content":{"rendered":"\n<p class=\"has-text-align-center has-intrace-accent-color has-text-color has-link-color has-extra-large-font-size wp-elements-3041cee5b3c1059459ed58468824b22a\" style=\"margin-top:var(--wp--preset--spacing--50);margin-bottom:var(--wp--preset--spacing--50);font-style:normal;font-weight:500\">Direcci\u00f3n + Gesti\u00f3n + Ejecuci\u00f3n<\/p>\n\n\n\n<div class=\"wp-block-group is-layout-constrained wp-container-core-group-is-layout-67ad2c1a wp-block-group-is-layout-constrained\" style=\"padding-bottom:12px\">\n<div class=\"wp-block-columns is-layout-flex wp-container-core-columns-is-layout-28f84493 wp-block-columns-is-layout-flex\">\n<div class=\"wp-block-column is-layout-flow wp-block-column-is-layout-flow\">\n<figure class=\"wp-block-image size-large is-resized intrace-animate intrace-move-left intrace-delay-7\"><img loading=\"lazy\" decoding=\"async\" width=\"1024\" height=\"576\" src=\"https:\/\/jmmarquitectura.com\/wp-content\/uploads\/2025\/09\/servicios04-1024x576.jpg\" alt=\"\" class=\"wp-image-81\" style=\"width:560px;height:450px\" srcset=\"https:\/\/jmmarquitectura.com\/wp-content\/uploads\/2025\/09\/servicios04-1024x576.jpg 1024w, https:\/\/jmmarquitectura.com\/wp-content\/uploads\/2025\/09\/servicios04-300x169.jpg 300w, https:\/\/jmmarquitectura.com\/wp-content\/uploads\/2025\/09\/servicios04-768x432.jpg 768w, https:\/\/jmmarquitectura.com\/wp-content\/uploads\/2025\/09\/servicios04.jpg 1280w\" sizes=\"auto, (max-width: 1024px) 100vw, 1024px\" \/><\/figure>\n<\/div>\n\n\n\n<div class=\"wp-block-column is-layout-flow wp-block-column-is-layout-flow\" style=\"padding-top:var(--wp--preset--spacing--40);padding-bottom:var(--wp--preset--spacing--40)\">\n<h2 class=\"wp-block-heading intrace-animate intrace-move-right intrace-delay-1 has-intrace-accent-color has-text-color has-heading-5-font-size\" style=\"font-style:normal;font-weight:600;letter-spacing:1px;text-transform:uppercase\">EXPERIENCIA<\/h2>\n\n\n\n<h2 class=\"wp-block-heading intrace-animate intrace-move-right intrace-delay-3 has-intrace-primary-color has-text-color has-heading-2-font-size\" style=\"font-style:normal;font-weight:600;letter-spacing:1px;line-height:1;text-transform:uppercase\">Desarrollo de Negocios Integrales<\/h2>\n\n\n\n<div class=\"wp-block-columns is-layout-flex wp-container-core-columns-is-layout-da8b552d wp-block-columns-is-layout-flex\" style=\"padding-top:10px;padding-right:80px\">\n<div class=\"wp-block-column is-layout-flow wp-block-column-is-layout-flow\" style=\"flex-basis:100%\">\n<p class=\"intrace-animate intrace-move-right intrace-delay-5 has-intrace-body-text-color has-text-color has-heading-6-font-size\">Contamos con m\u00e1s de <strong>40 a\u00f1os de experiencia<\/strong> en el <strong>dise\u00f1o, desarrollo y ejecuci\u00f3n de proyectos arquitect\u00f3nicos y ejecutivos<\/strong>, as\u00ed como en la administraci\u00f3n y control de obras en:<\/p>\n<\/div>\n<\/div>\n\n\n\n<div class=\"wp-block-columns is-layout-flex wp-container-core-columns-is-layout-28f84493 wp-block-columns-is-layout-flex\">\n<div class=\"wp-block-column is-layout-flow wp-block-column-is-layout-flow\" style=\"flex-basis:100%\">\n<ul class=\"wp-block-list\">\n<li>Restaurantes<\/li>\n\n\n\n<li>Vivienda residencial<\/li>\n\n\n\n<li>Edificios y departamentos<\/li>\n\n\n\n<li>Oficinas y espacios administrativos<\/li>\n<\/ul>\n\n\n\n<div class=\"wp-block-columns is-layout-flex wp-container-core-columns-is-layout-28f84493 wp-block-columns-is-layout-flex\">\n<div class=\"wp-block-column is-layout-flow wp-block-column-is-layout-flow\" style=\"flex-basis:100%\"><\/div>\n<\/div>\n<\/div>\n<\/div>\n<\/div>\n<\/div>\n\n\n\n<figure class=\"wp-block-video\"><video height=\"270\" style=\"aspect-ratio: 480 \/ 270;\" width=\"480\" controls src=\"https:\/\/jmmarquitectura.com\/wp-content\/uploads\/2025\/09\/jmm_proyectos.mp4\"><\/video><\/figure>\n<\/div>\n\n\n\n<div class=\"wp-block-cover is-light\" style=\"min-height:818px;aspect-ratio:unset;\"><span aria-hidden=\"true\" class=\"wp-block-cover__background has-background-dim-100 has-background-dim\" style=\"background-color:#f8f8f8\"><\/span><div class=\"wp-block-cover__inner-container is-layout-flow wp-block-cover-is-layout-flow\">\n<div class=\"wp-block-group is-layout-constrained wp-container-core-group-is-layout-9de07865 wp-block-group-is-layout-constrained\" style=\"padding-top:30px;padding-bottom:30px\">\n<div class=\"wp-block-columns is-layout-flex wp-container-core-columns-is-layout-28f84493 wp-block-columns-is-layout-flex\">\n<div class=\"wp-block-column is-vertically-aligned-center is-layout-flow wp-block-column-is-layout-flow\">\n<h2 class=\"wp-block-heading intrace-animate intrace-move-right intrace-delay-3 has-text-color has-heading-2-font-size\" style=\"color:#181818;text-transform:uppercase\">ALGUNOS DE NUESTROS SERVICIOS<\/h2>\n\n\n\n<div class=\"wp-block-columns is-layout-flex wp-container-core-columns-is-layout-d77a8e73 wp-block-columns-is-layout-flex\" style=\"padding-right:30px\">\n<div class=\"wp-block-column is-layout-flow wp-block-column-is-layout-flow\" style=\"flex-basis:100%\">\n<ul class=\"wp-block-list\">\n<li>An\u00e1lisis y factibilidad de negocio<\/li>\n\n\n\n<li>An\u00e1lisis y factibilidad legal y t\u00e9cnica<\/li>\n\n\n\n<li>Proyecto arquitect\u00f3nico<\/li>\n\n\n\n<li>Ingenier\u00edas y proyecto ejecutivo<\/li>\n\n\n\n<li>Ingenier\u00eda de presupuesto<\/li>\n\n\n\n<li>Ingenier\u00eda de programaci\u00f3n<\/li>\n\n\n\n<li>Ejecuci\u00f3n de obra<\/li>\n<\/ul>\n\n\n\n<p class=\"has-heading-2-font-size\" style=\"font-style:normal;font-weight:700\">MODELO DE NEGOCIOS<\/p>\n\n\n\n<p class=\"intrace-animate intrace-move-right intrace-delay-5 has-text-color has-heading-6-font-size\" style=\"color:#666666;font-style:normal;font-weight:400\">Nuestro modelo de negocio se basa en una <strong>metodolog\u00eda estructurada y disciplinada<\/strong>, adaptada a las necesidades de cada proyecto.<br>Actualmente desarrollamos proyectos en distintos sectores, aplicando procesos que garantizan <strong>orden, eficiencia y calidad<\/strong>.<\/p>\n\n\n\n<p class=\"intrace-animate intrace-move-right intrace-delay-5 has-intrace-accent-color has-text-color has-heading-6-font-size\" style=\"font-style:normal;font-weight:500\">Nos enorgullece poder decirle que ser\u00eda un honor ser sus <strong>socios estrat\u00e9gicos<\/strong> y compartir nuestra experiencia para lograr juntos los mejores resultados<\/p>\n<\/div>\n<\/div>\n\n\n\n<hr class=\"wp-block-separator has-text-color has-intrace-body-text-2-color has-alpha-channel-opacity has-intrace-body-text-2-background-color has-background is-style-wide\"\/>\n\n\n\n<div class=\"wp-block-buttons intrace-animate intrace-move-right intrace-delay-7 is-layout-flex wp-block-buttons-is-layout-flex\">\n<div class=\"wp-block-button is-style-custombuttonborder2\"><a class=\"wp-block-button__link wp-element-button\" href=\"#\" style=\"padding-top:12px;padding-right:32px;padding-bottom:12px;padding-left:32px\">PLATICA tu proyecto CON NOSOTROS<\/a><\/div>\n<\/div>\n<\/div>\n\n\n\n<div class=\"wp-block-column is-style-customboxshadow intrace-animate intrace-move-up intrace-delay-3 has-white-background-color has-background is-layout-flow wp-block-column-is-layout-flow\" style=\"padding-top:40px;padding-bottom:40px\">\n<div class=\"wp-block-group is-layout-flow wp-block-group-is-layout-flow\">\n<div class=\"wp-block-columns is-layout-flex wp-container-core-columns-is-layout-28f84493 wp-block-columns-is-layout-flex\">\n<div class=\"wp-block-column is-layout-flow wp-block-column-is-layout-flow\" style=\"padding-right:30px;padding-left:30px\">\n<div class=\"wp-block-group is-layout-flow wp-block-group-is-layout-flow\" style=\"padding-bottom:30px\">\n<figure class=\"wp-block-image size-full is-resized\"><img loading=\"lazy\" decoding=\"async\" width=\"713\" height=\"950\" src=\"https:\/\/jmmarquitectura.com\/wp-content\/uploads\/2025\/09\/servicios05.jpg\" alt=\"\" class=\"wp-image-83\" style=\"width:446px;height:auto\" srcset=\"https:\/\/jmmarquitectura.com\/wp-content\/uploads\/2025\/09\/servicios05.jpg 713w, https:\/\/jmmarquitectura.com\/wp-content\/uploads\/2025\/09\/servicios05-225x300.jpg 225w\" sizes=\"auto, (max-width: 713px) 100vw, 713px\" \/><\/figure>\n\n\n\n<h1 class=\"wp-block-heading has-text-align-center has-intrace-primary-color has-text-color\" style=\"font-size:0px;line-height:0.5\"><\/h1>\n<\/div>\n<\/div>\n<\/div>\n<\/div>\n<\/div>\n<\/div>\n<\/div>\n\n\n\n<hr class=\"wp-block-separator has-alpha-channel-opacity\"\/>\n<\/div><\/div>\n\n\n\n<h2 class=\"wp-block-heading has-text-align-center has-intrace-accent-color has-text-color has-link-color wp-elements-d66f1a152cad7f1251c1d40cd7624617\">Otros Servicios<\/h2>\n\n\n\n<div class=\"wp-block-group is-layout-constrained wp-container-core-group-is-layout-bd8428a8 wp-block-group-is-layout-constrained\" style=\"padding-bottom:100px\">\n<div class=\"wp-block-group is-layout-constrained wp-container-core-group-is-layout-2bbc0d11 wp-block-group-is-layout-constrained\" style=\"padding-top:var(--wp--preset--spacing--60);padding-bottom:100px\">\n<div class=\"wp-block-columns is-layout-flex wp-container-core-columns-is-layout-28f84493 wp-block-columns-is-layout-flex\">\n<div class=\"wp-block-column is-layout-flow wp-block-column-is-layout-flow\">\n<figure class=\"wp-block-video\"><video height=\"1440\" style=\"aspect-ratio: 1440 \/ 1440;\" width=\"1440\" autoplay controls loop muted src=\"https:\/\/jmmarquitectura.com\/wp-content\/uploads\/2025\/09\/Video-JMM-Bartolache.mp4\"><\/video><\/figure>\n<\/div>\n\n\n\n<div class=\"wp-block-column is-layout-flow wp-block-column-is-layout-flow\">\n<h2 class=\"wp-block-heading intrace-animate intrace-move-right intrace-delay-1 has-intrace-accent-color has-text-color has-heading-5-font-size\" style=\"font-style:normal;font-weight:600;letter-spacing:1px;text-transform:uppercase\"><\/h2>\n\n\n\n<h2 class=\"wp-block-heading intrace-animate intrace-move-right intrace-delay-3 has-intrace-primary-color has-text-color has-heading-2-font-size\" style=\"font-style:normal;font-weight:600;letter-spacing:1px;line-height:1;text-transform:uppercase\">DISE\u00d1O RESIDENCIAL<\/h2>\n\n\n\n<div class=\"wp-block-columns is-layout-flex wp-container-core-columns-is-layout-da8b552d wp-block-columns-is-layout-flex\" style=\"padding-top:10px;padding-right:80px\">\n<div class=\"wp-block-column is-layout-flow wp-block-column-is-layout-flow\" style=\"flex-basis:100%\">\n<p class=\"intrace-animate intrace-move-right intrace-delay-5 has-intrace-body-text-color has-text-color has-heading-6-font-size\" style=\"font-style:normal;font-weight:300\">Creamos hogares \u00fanicos que combinan <strong>estilo, comodidad y funcionalidad<\/strong>. Nuestro dise\u00f1o residencial busca reflejar la personalidad de cada cliente, generando espacios acogedores, modernos y sostenibles que elevan la calidad de vida.<\/p>\n\n\n\n<ul class=\"wp-block-list\">\n<li style=\"font-style:normal;font-weight:400\">Dise\u00f1o de espacios<\/li>\n\n\n\n<li style=\"font-style:normal;font-weight:400\">Integraci\u00f3n del entorno<\/li>\n\n\n\n<li style=\"font-style:normal;font-weight:400\">Sostenibilidad<\/li>\n\n\n\n<li style=\"font-style:normal;font-weight:400\">Funcionalidad y confort<\/li>\n\n\n\n<li style=\"font-style:normal;font-weight:400\">Innovaci\u00f3n<\/li>\n\n\n\n<li style=\"font-style:normal;font-weight:400\">Uso de tecnolog\u00edas sostenibles<\/li>\n\n\n\n<li style=\"font-style:normal;font-weight:400\">Seguridad y est\u00e9tica<\/li>\n<\/ul>\n<\/div>\n<\/div>\n<\/div>\n<\/div>\n\n\n\n<div class=\"wp-block-group is-layout-constrained wp-container-core-group-is-layout-bd8428a8 wp-block-group-is-layout-constrained\" style=\"padding-bottom:100px\">\n<div class=\"wp-block-columns is-layout-flex wp-container-core-columns-is-layout-28f84493 wp-block-columns-is-layout-flex\">\n<div class=\"wp-block-column is-layout-flow wp-block-column-is-layout-flow\">\n<figure class=\"wp-block-image size-large is-resized intrace-animate intrace-move-left intrace-delay-7\"><img loading=\"lazy\" decoding=\"async\" width=\"1024\" height=\"576\" src=\"https:\/\/jmmarquitectura.com\/wp-content\/uploads\/2025\/09\/render02_1-1024x576.jpg\" alt=\"\" class=\"wp-image-88\" style=\"width:560px;height:450px\" srcset=\"https:\/\/jmmarquitectura.com\/wp-content\/uploads\/2025\/09\/render02_1-1024x576.jpg 1024w, https:\/\/jmmarquitectura.com\/wp-content\/uploads\/2025\/09\/render02_1-300x169.jpg 300w, https:\/\/jmmarquitectura.com\/wp-content\/uploads\/2025\/09\/render02_1-768x432.jpg 768w, https:\/\/jmmarquitectura.com\/wp-content\/uploads\/2025\/09\/render02_1-1536x864.jpg 1536w, https:\/\/jmmarquitectura.com\/wp-content\/uploads\/2025\/09\/render02_1.jpg 1920w\" sizes=\"auto, (max-width: 1024px) 100vw, 1024px\" \/><\/figure>\n<\/div>\n\n\n\n<div class=\"wp-block-column is-layout-flow wp-block-column-is-layout-flow\">\n<h2 class=\"wp-block-heading intrace-animate intrace-move-right intrace-delay-1 has-intrace-accent-color has-text-color has-heading-5-font-size\" style=\"font-style:normal;font-weight:600;letter-spacing:1px;text-transform:uppercase\"><\/h2>\n\n\n\n<h2 class=\"wp-block-heading intrace-animate intrace-move-right intrace-delay-3 has-intrace-primary-color has-text-color has-heading-2-font-size\" style=\"font-style:normal;font-weight:600;letter-spacing:1px;line-height:1;text-transform:uppercase\">DISE\u00d1O Corporativo<\/h2>\n\n\n\n<div class=\"wp-block-columns is-layout-flex wp-container-core-columns-is-layout-da8b552d wp-block-columns-is-layout-flex\" style=\"padding-top:10px;padding-right:80px\">\n<div class=\"wp-block-column is-layout-flow wp-block-column-is-layout-flow\" style=\"flex-basis:100%\">\n<p class=\"intrace-animate intrace-move-right intrace-delay-5 has-intrace-body-text-color has-text-color has-heading-6-font-size\" style=\"font-style:normal;font-weight:300\">Desarrollamos entornos de trabajo que impulsan la <strong>productividad, la innovaci\u00f3n y la identidad empresarial<\/strong>. Dise\u00f1amos oficinas y espacios corporativos que integran tecnolog\u00eda, ergonom\u00eda y est\u00e9tica para fortalecer la cultura organizacional.<\/p>\n<\/div>\n<\/div>\n\n\n\n<div class=\"wp-block-columns is-layout-flex wp-container-core-columns-is-layout-28f84493 wp-block-columns-is-layout-flex\">\n<div class=\"wp-block-column is-layout-flow wp-block-column-is-layout-flow\" style=\"flex-basis:100%\">\n<ul class=\"wp-block-list\">\n<li>Identidad de marca<\/li>\n\n\n\n<li>Coherencia visual<\/li>\n\n\n\n<li>Dise\u00f1o personalizado<\/li>\n\n\n\n<li>Sostenibilidad y naturaleza<\/li>\n<\/ul>\n<\/div>\n<\/div>\n<\/div>\n<\/div>\n<\/div>\n<\/div>\n<\/div>\n","protected":false},"excerpt":{"rendered":"<p>Direcci\u00f3n + Gesti\u00f3n + Ejecuci\u00f3n EXPERIENCIA Desarrollo de Negocios Integrales Contamos con m\u00e1s de 40 a\u00f1os de experiencia en el dise\u00f1o, desarrollo y ejecuci\u00f3n de proyectos arquitect\u00f3nicos y ejecutivos, as\u00ed como en la administraci\u00f3n y control de obras en: Otros Servicios DISE\u00d1O RESIDENCIAL Creamos hogares \u00fanicos que combinan estilo, comodidad y funcionalidad. Nuestro dise\u00f1o residencial busca reflejar la personalidad de cada cliente, generando espacios acogedores, modernos y sostenibles que elevan la calidad de vida. DISE\u00d1O Corporativo Desarrollamos entornos de trabajo que impulsan la productividad, la innovaci\u00f3n y la identidad empresarial. Dise\u00f1amos oficinas y espacios corporativos que integran tecnolog\u00eda, ergonom\u00eda y<\/p>\n","protected":false},"author":1,"featured_media":76,"parent":0,"menu_order":0,"comment_status":"closed","ping_status":"closed","template":"","meta":{"footnotes":""},"class_list":["post-75","page","type-page","status-publish","has-post-thumbnail","hentry"],"_links":{"self":[{"href":"https:\/\/jmmarquitectura.com\/index.php\/wp-json\/wp\/v2\/pages\/75","targetHints":{"allow":["GET"]}}],"collection":[{"href":"https:\/\/jmmarquitectura.com\/index.php\/wp-json\/wp\/v2\/pages"}],"about":[{"href":"https:\/\/jmmarquitectura.com\/index.php\/wp-json\/wp\/v2\/types\/page"}],"author":[{"embeddable":true,"href":"https:\/\/jmmarquitectura.com\/index.php\/wp-json\/wp\/v2\/users\/1"}],"replies":[{"embeddable":true,"href":"https:\/\/jmmarquitectura.com\/index.php\/wp-json\/wp\/v2\/comments?post=75"}],"version-history":[{"count":10,"href":"https:\/\/jmmarquitectura.com\/index.php\/wp-json\/wp\/v2\/pages\/75\/revisions"}],"predecessor-version":[{"id":98,"href":"https:\/\/jmmarquitectura.com\/index.php\/wp-json\/wp\/v2\/pages\/75\/revisions\/98"}],"wp:featuredmedia":[{"embeddable":true,"href":"https:\/\/jmmarquitectura.com\/index.php\/wp-json\/wp\/v2\/media\/76"}],"wp:attachment":[{"href":"https:\/\/jmmarquitectura.com\/index.php\/wp-json\/wp\/v2\/media?parent=75"}],"curies":[{"name":"wp","href":"https:\/\/api.w.org\/{rel}","templated":true}]}}